tors of r.
7
Suppose 4*m = 1 + 3. Let h be m/(3/(-24)) - -2. List the prime factors of -1*h*(3 - 2).
2, 3
Suppose 0 = -5*y + y. Suppose y*u - 8 = -u. List the prime factors of u.
2
Suppose -q + 0*q = 6. Let z = -1 + -8. Let g = q - z. What are the prime factors of g?
3
Let u = -94 - -169. List the prime factors of u.
3, 5
Let q(g) = g**2 + 20*g + 7. List the prime factors of q(-25).
2, 3, 11
List the prime factors of (76 - -2)/((-4)/(-2)).
3, 13
Let w = -5 - -7. Suppose -4*t - w + 22 = 0. Suppose t*q + 19 - 49 = 0. List the prime factors of q.
2, 3
Suppose -3*l - 5*k = -k - 162, -281 = -5*l - 3*k. List the prime factors of l.
2, 29
Let f(x) = -15*x**3 - x**2. Let i be f(1). Let z(c) = c**3 + 17*c**2 + 16*c + 18. What are the prime factors of z(i)?
2, 3
Suppose -40 = 2*j - 7*j. Let a = 17 - j. What are the prime factors of a?
3
Let f be 49/3 - (-3)/(-9). Let x = 25 - f. List the prime factors of x.
3
Let n(u) = u - 3. Let v = 8 - 13. Let c be (-81)/(-15) + 2/v. What are the prime factors of n(c)?
2
Let i(h) = 2*h**2 - 13*h - 23. What are the prime factors of i(11)?
2, 19
Let v be 0 - 8/(-4) - 2. Suppose v = -4*i + i + 108. List the prime factors of i.
2, 3
Suppose -3*f + 17 = 5*u, -f - 2*u = -2*f + 24. List the prime factors of 1/2*(f - -2).
2
Suppose -4*a + 8 = 2*c, 11 = 4*c + 3. List the prime factors of (-1)/2*(-73 - a).
37
Suppose 3*h - 45 = 42. List the prime factors of h.
29
List the prime factors of 393/9 + 2/6.
2, 11
Suppose -4*q - 1 = -17. Let l(p) = p**2 - 2*p + 5. List the prime factors of l(q).
13
Suppose 0 = 4*r + 16, i - 2*r - 8 - 41 = 0. What are the prime factors of i?
41
Let n = 259 + -164. What are the prime factors of n?
5, 19
Suppose 2 = -2*p - 4. Let q be (-1)/(-3)*1*p. What are the prime factors of 3*(1 + 0 - q)?
2, 3
Let q(d) = d**2 + 2*d - 2. Let o be q(-5). Let i(n) = n**2 - 14*n + 19. List the prime factors of i(o).
2, 3
Suppose -7 + 48 = j. What are the prime factors of j?
41
Suppose 0 = -d + 2*d + 2*j - 103, 0 = d - 3*j - 78. List the prime factors of d.
3, 31
Let x = 3 + -3. Suppose -f + i + 15 = x, -2*f - 3*i = -f + 5. List the prime factors of f.
2, 5
Let b(h) = 2*h**3 + 2*h**2 + h - 2. Let j be b(2). Suppose 0 = -q - q + j. What are the prime factors of q?
2, 3
Let w = 11 - -62. List the prime factors of w.
73
Suppose 0 = -w + 2 - 0. Let s(m) = 6*m + m + 1 - m**w - 4. What are the prime factors of s(5)?
7
Let y = -4 + 6. Suppose 0 = -2*i - 0*i + 12. Suppose -i*j = -y*j - 44. List the prime factors of j.
11
Let n = -140 - -275. What are the prime factors of n?
3, 5
List the prime factors of (109/3 - (-8)/12) + 2.
3, 13
Let g(j) = j - 6. Let y(a) = 2*a - 7. Let f(m) = 5*g(m) - 4*y(m). Let b be f(-2). Suppose 44 = b*v + 4*s, 6 = v - 3*v + 5*s. List the prime factors of v.
7
Suppose -4*w + 37 = 3*l + 2*l, 4*l - 29 = -3*w. Suppose 3*d + l*n - 30 = d, 5*d - 4*n = 75. What are the prime factors of d?
3, 5
Suppose 0 = 2*m + 5*a - 4*a - 40, 0 = 3*a. Suppose -5*w = 3*g - 0*g + m, g + 2 = 3*w. What are the prime factors of ((-12)/(-10))/(w/(-5))?
2, 3
Suppose k = -3, -v + 4*k = -0*v - 12. Suppose 3*u - 9 = -u + z, v = 3*u - 3*z - 9. Suppose -c + 5 = -u. List the prime factors of c.
7
Suppose 4*r = -17 - 19. Let h = 19 + r. Let l = 23 - h. What are the prime factors of l?
13
Suppose -4*i - 64 = -4*j, -5*j + 65 = 4*i - 6. What are the prime factors of j?
3, 5
Let t(i) = -i**2 - 9*i - 2. Let z be t(-7). Suppose 2*r = -2*r + z. Suppose 0 = 4*j - 3*j - r*v, 3*j + 5*v = 56. List the prime factors of j.
2, 3
Suppose 0 = -5*u - 5*h + 70, -3*u + 2*u = 4*h - 2. List the prime factors of u.
2, 3
List the prime factors of 1/(-4) - (-1962)/72.
3
Suppose 2*f + 5*x = -15, -1 = 4*f + 4*x + 11. Suppose -l + 3 = -f*l. What are the prime factors of l?
3
Let p(n) = -n**3 - n**2 + 4*n + 1. Let h be p(-3). Suppose -2*m - h = -3*m. List the prime factors of m.
7
Suppose 0 = 4*j - 5*q + 4 - 1, -4*j - 4*q = -24. Suppose -3*o - j + 15 = 0. What are the prime factors of o?
2
Let u(i) = -4*i - 2. What are the prime factors of u(-6)?
2, 11
Suppose 2*z - 3 = 3*n, -3*z + 4*n - 2 = -z. What are the prime factors of 104/18 + 2/z?
2, 3
Suppose -13 - 23 = -3*t. List the prime factors of t.
2, 3
Let m(v) = -v**3 + 9*v**2 - 4*v - 17. What are the prime factors of m(7)?
53
Let s(n) = -n**2 + 12*n - 11. Let a be s(8). Suppose 3*c + 2*c - 97 = m, c - a = m. List the prime factors of c.
19
Let m(o) = -24*o + 18. List the prime factors of m(-4).
2, 3, 19
Suppose 4*n = 2*n - 56. What are the prime factors of 344/14 + (-12)/n?
5
Let n be (60/21)/((-4)/(-14)). Let w = -6 + n. Suppose w*a = -2*j + 10, -25 = -a + j + 3*j. What are the prime factors of a?
5
Let y = 72 - 31. What are the prime factors of y?
41
Let u be 3 + (3 - 1) - 1. Suppose 5*c - u*t = c + 40, -5*c + 52 = -3*t. What are the prime factors of c?
11
What are the prime factors of (-142)/(-4) + (-9)/6?
2, 17
Suppose 0 = -5*d + 4*d + 16. List the prime factors of d.
2
Let o(b) = -b**3 + b + 1. Let x(r) = -r + 4. Let g be x(6). What are the prime factors of o(g)?
7
Let o = -44 + 92. Suppose 16*l - 13*l = 0. Suppose l = a + a - o. What are the prime factors of a?
2, 3
Suppose -3*x - 4*s = -3*s - 223, 2*s + 10 = 0. What are the prime factors of x?
2, 19
Suppose 3*l - 88 = 347. List the prime factors of l.
5, 29
Let h(d) be the first derivative of -d**4/6 - d**3/2 - d**2 - 2. Let b(i) be the second derivative of h(i). What are the prime factors of b(-2)?
5
Suppose -2*s + 5*s - 12 = 0. Let u(y) = -19*y + 2. Let m be u(-2). Suppose 0 = s*d - m - 4. List the prime factors of d.
11
What are the prime factors of 939/15 - 2/(-5)?
3, 7
Suppose 4*l = -4*h + 24, 0 = 4*h - 2*l + 4 - 46. Let c be (-1)/(h/(-6) + 2). List the prime factors of (15/10)/(c/(-8)).
2, 3
Let a = -4 + 6. Suppose 25 = -5*f, -a*f - 21 = -2*w + 1. What are the prime factors of w?
2, 3
Let c be 3/1 + 2/1. Suppose 0*g + c*g - 99 = 2*m, 3*m + 54 = 3*g. What are the prime factors of g?
3, 7
Let g(o) = -o**2 + 5*o - 6. Let p be g(6). Let r = p + 18. What are the prime factors of r?
2, 3
Let k = 0 + -9. List the prime factors of (-120)/(-9) - 6/k.
2, 7
Let w(m) = -m. Let b(d) = -1. Let k(p) = -b(p) - 4*w(p). Let c be k(3). Suppose 5 - c = -v. What are the prime factors of v?
2
Suppose -3*y - 120 = -5*y. Suppose 4*k - 4*w = y, -2*k + 51 = -3*w + 16. Let j = 14 - k. What are the prime factors of j?
2
Let a(z) = z**3 - 4*z**2 + z + 1. Let t be a(3). Let p = -5 - t. Let o = p + 4. List the prime factors of o.
2
Let b(t) = -t**2 + 5*t + 4. Suppose v - 2*v = -5. List the prime factors of b(v).
2
Let q = -10 - -7. Let m = -1 - q. What are the prime factors of m/6*(16 - -2)?
2, 3
Suppose -3*b = -52 - 62. List the prime factors of b.
2, 19
Let r(g) = -45*g - 1. Let l be r(-1). Suppose -5*s = -4*x - 108 - 20, -2*s + 4*x = -l. What are the prime factors of s?
2, 7
Let s = 56 - 32. List the prime factors of s.
2, 3
Suppose 5*z - c = -7, 2*z - 3*c - 7 = -2. What are the prime factors of (-152)/(-12) + z/(-6)?
13
Let u(m) = 2*m + 20. Suppose 0 = -4*a + 40 + 20. What are the prime factors of u(a)?
2, 5
Let a = 4 + -6. Let w = a + 1. List the prime factors of (-1 - 2/1)*w.
3
List the prime factors of ((-4)/(-14))/((-3)/(-231)).
2, 11
Let n = 37 - 15. What are the prime factors of n?
2, 11
Let h(j) = -j + 8. Let v(d) = d**3 + 10*d**2 + 8*d - 3. Let w be v(-9). Let r be h(w). Suppose r*g + g = 24. What are the prime factors of g?
2
Suppose 2*f - 2 = -2*a, -5*a - 1 = -f + 6. Suppose -3*m + 51 = -5*u, -2*m - 17 = -3*m + f*u. What are the prime factors of m?
17
Let u be (-100)/(-10)*(0 - -2). Let y = u - -14. List the prime factors of y.
2, 17
Suppose -164 = -2*d - 20. List the prime factors of d.
2, 3
Let l(y) = y**3 - 3*y**2 + y + 15. What are the prime factors of l(8)?
7
Let s(q) = -4 + 0*q - 6*q + 3. Let l = -2 - -1. List the prime factors of s(l).
5
Let r = -53 - -117. What are the prime factors of r?
2
What are the prime factors of 6 - 2 - (-2 - 1)?
7
What are the prime factors of (-8)/20 + (-666)/(-15)?
2, 11
Suppose -5*p = 4 - 14. Suppose 0 = 3*f + p*f. Suppose f = v + 4*v - 55. What are the prime factors of v?
11
Let z be (-8)/44 - (-57)/11. What are the prime factors of (-2 - z - 0)*-1?
7
Let x(w) = -9*w**3 - 19*w**2 + 17*w - 5. Let t(f) = -5*f**3 - 10*f**2 + 9*f